 of 44 and a?
11
Suppose l + 65 = 2*l - 4*y, 3*y + 274 = 5*l. Let f = 123 - l. Suppose 4*g = -5*q + 144, 0 = q - 0*q + g - 29. What is the greatest common divisor of q and f?
14
Let q(j) = j**3 - 8*j**2 + 7*j + 14. Let m be q(7). Suppose -m*s + 9*s + 160 = 0. Calculate the greatest common factor of 8 and s.
8
Let u(d) = -3*d + 40. Let r be u(9). Let z(j) = j**3 - 12*j**2 - 13*j + 9. Let s be z(r). Calculate the highest common divisor of s and 3.
3
Let v = -1586 - -1588. Let x be 0/2*(-3)/6. Suppose 5*o - 2*s - 18 = 0, 2*s - 6 = -o - x*o. Calculate the highest common factor of o and v.
2
Suppose 0 = -y + 3*i - i - 1, 3*y = i - 13. Let v(n) = n**2 - 6*n + 12. Let q be v(8). Let h = y + q. Calculate the greatest common divisor of h and 46.
23
Suppose a + 36 = 270. Let q = 248 - a. Suppose -123 - 269 = -4*y. Calculate the greatest common divisor of y and q.
14
Let n(m) = m**3 - 3*m**2 + 5*m - 3. Let r be n(3). Let y = 20 - r. Calculate the greatest common divisor of 32 and y.
8
Let i(k) = k**2 + 8*k. Let z be i(-8). Suppose -c - 3*c - 28 = z. Let y(x) = x**2 + 2*x + 5. Let m be y(c). Calculate the highest common factor of m and 16.
8
Suppose -w + 13 = -5*h, -h - 17 = -0*w - 2*w. Let r(o) = -w*o**2 + 8*o**2 + 10*o**2 - 2*o. Let f be r(2). Calculate the greatest common factor of 90 and f.
18
Let z(l) = -l**2 - l - 1. Let g be z(-2). Let v be (0 + g + 5)*38. Calculate the highest common divisor of v and 19.
19
Let d = -6 + 12. Let y(q) = q + 6. Let x be y(d). Calculate the highest common factor of 132 and x.
12
Let p be 3/18 + 1509*(-4)/(-72). Calculate the highest common factor of 21 and p.
21
Let a = 3 + 48. Let n = a + 36. Calculate the greatest common factor of 29 and n.
29
Let x(d) = 7*d**2 - 10*d - 3. Let z be x(6). Calculate the greatest common factor of z and 27.
27
Let a be (75/2)/((-4)/(-8)). Suppose 5*b + 4*p = 162, 0*b = 2*b + 5*p - a. Calculate the highest common factor of b and 20.
10
Suppose -2*s + 8 = -0*f - 2*f, -s + 5 = -2*f. Let b be f/(2 + 1293/(-645)). What is the greatest common divisor of 86 and b?
43
Let c(z) = 5*z**2 - 6*z. Let h be c(6). Suppose 4*q = -0*q + h. What is the highest common factor of 18 and q?
18
Let w(z) = z**3 - 7*z - 9. Let x be w(-3). Let b be (-6)/(-4)*2*-2. Let y be (-2)/b - 295/x. Calculate the highest common factor of 30 and y.
10
Suppose 18 + 2 = 5*s. Suppose 4*u = 4 + s. Calculate the greatest common divisor of 2 and u.
2
Suppose -16*i = 14*i - 8160. Calculate the highest common divisor of i and 34.
34
Suppose 5*g - 4*j = 57, 3*g - 3*j - 14 - 19 = 0. Calculate the greatest common divisor of 299 and g.
13
Suppose u + 41 - 37 = 0. Let v = 64 + u. What is the highest common factor of v and 15?
15
Let c be 17765/285 + 2 + 8/(-6). Calculate the highest common factor of 777 and c.
21
Let d be 1/7 + 1/(-7). Suppose -5*p = -3*g + g + 21, d = 5*g - 2*p. Let i(r) = -r**2 - 5*r - 2. Let o be i(g). What is the highest common factor of o and 32?
4
Let f(j) = -25*j - 10. Let z be f(-5). What is the greatest common factor of z and 1840?
115
Let f = -54 - -84. Suppose w + 8 - f = 0. Calculate the greatest common factor of 22 and w.
22
Let u(x) = -2*x**2 - 6*x + 26. Let r be u(11). Let s = -194 - r. What is the greatest common divisor of s and 11?
11
Let r be (8/3)/(-2*1/9). Let g(s) = -s**3 - 13*s**2 - 12*s + 5. Let z be g(r). Calculate the highest common divisor of z and 10.
5
Let h = 3 + 6. Let u(c) = -10*c - 94. Let o be u(-13). What is the greatest common divisor of h and o?
9
Let l(r) = r**3 + 2 + 41*r**2 - 2*r - 38*r**2 + 0*r**3. Let k be l(2). Let n be -1 + -2*(-3)/2. Calculate the greatest common factor of n and k.
2
Let m(n) = -6*n + 37. Let t be m(5). Suppose t + 49 = 7*l. Calculate the highest common factor of 40 and l.
8
Suppose c - 4*u = 6*c - 5763, -3477 = -3*c + 4*u. What is the highest common factor of c and 33?
33
Let k(n) = 10*n - 4. Let u be k(11). Suppose 5*p + 26 = u. What is the greatest common divisor of 112 and p?
16
Let z(k) = -k**2 + 5*k - 3. Let l be z(3). Suppose l*m + 3*i = -i + 390, 4*m - 520 = -5*i. Calculate the greatest common divisor of m and 10.
10
Suppose 0 = 2*p - 4, -2*x + p + 3580 = -p. What is the greatest common factor of x and 112?
112
Let i = 26 - -380. Calculate the greatest common factor of i and 56.
14
Suppose 0 = 734*k - 743*k + 207. Calculate the greatest common factor of 3 and k.
1
Let d be ((-32)/20)/((-2)/(-20)). Let k be (d/(-20))/(4/10). Suppose 0 = 5*h - 4*j - 81, -k*h = 3*h - 2*j - 73. What is the highest common factor of h and 65?
13
Suppose -3*y = 16 - 391. Suppose 21*t = 897 + 153. What is the highest common divisor of t and y?
25
Let w be (-100)/1*11/(-44). What is the highest common divisor of w and 275?
25
Suppose -3597 - 10707 = -6*l. Calculate the highest common divisor of l and 16.
16
Suppose -t + k + 3*k = 18, -4*k = -20. Suppose l = 2 - 3, 0 = -2*u - 5*l - 7. Let a be 6 - (u/(-1))/1. Calculate the highest common divisor of t and a.
1
Let z(a) = -4*a**3 - 24*a + 15. Let g be z(-6). Calculate the greatest common divisor of g and 99.
33
Suppose -2*m = 3*b - 264, -2*m - m + 3*b + 381 = 0. Let l = -84 + m. Let p = -149 - -154. What is the greatest common factor of p and l?
5
Let o be (-1)/(((-3)/(-3))/5). Let d = o - 1. Let w(i) = -i**3 - 4*i**2 + 10*i - 2. Let g be w(d). Calculate the greatest common factor of g and 20.
10
Let j be -2 + 42/11 - 4/(-22). Let s be (j - 0)/(1/(2 - -23)). What is the greatest common factor of s and 75?
25
Let j(p) = 12*p - 635. Let l be j(55). Let n(c) = -c**2 - 9*c - 9. Let r = 9 - 16. Let u be n(r). What is the highest common divisor of l and u?
5
Suppose 5*h = 15, 3*p - 2*p = h + 69. Calculate the greatest common factor of p and 9.
9
Let h = 10 + 7. Suppose u + 2*x - x - 191 = 0, -3*x = -2*u + 362. What is the greatest common factor of h and u?
17
Let l(m) = -5*m - 51. Let h(v) = 4*v + 51. Let a(u) = 4*h(u) + 3*l(u). Let x be a(0). Calculate the greatest common factor of x and 34.
17
Suppose 3*t - 16 = -5*q, -q - 3*q + 16 = 4*t. Suppose -5*w + 3*b = -1515, 2*w + 0*b - q*b - 602 = 0. Calculate the greatest common factor of w and 34.
34
Suppose 171 = g + 2*g - 3*v, -5*g + 4*v = -282. Calculate the greatest common factor of 414 and g.
18
Let z(d) = 0*d + 2*d**2 - 4 - 10*d + d**3 + 11*d**2. Suppose 0*g + 78 = -6*g. Let q be z(g). Calculate the highest common divisor of q and 14.
14
Suppose -105 - 756 = -2*y - 5*a, 3*a - 15 = 0. What is the highest common divisor of y and 22?
22
Suppose 70*a + 88 = 74*a. Suppose 2*o = -0*o + 22. What is the greatest common divisor of o and a?
11
Let l(m) = m**3 - 5*m**2 - 5*m + 1. Let a be l(6). Suppose 34*y = 32*y - 2. Let g be 22 - 14 - (0 - y). Calculate the highest common divisor of a and g.
7
Suppose -9*c + 1024 = -200. Calculate the highest common divisor of 34 and c.
34
Let m be (-11)/(-55) - 1/5. Let s = m + 2. Suppose 2*k = -s*k + 24. What is the greatest common factor of 6 and k?
6
Let c(v) = 47*v - 9 + 6*v**2 - 3 - 49*v. Let w be c(6). Calculate the greatest common factor of w and 24.
24
Let l be (-2)/((-3)/6*(-1)/44). Let k be l/(-33)*3/2. Calculate the highest common divisor of k and 8.
8
Let d = 34 + -15. Suppose -8*o + 1064 = -608. Calculate the greatest common divisor of d and o.
19
Let g(j) = -j**3 + 7*j**2 - 12*j + 39. Let q be g(6). Calculate the highest common factor of 39 and q.
3
Let w(a) = 2*a**3 + 3 - a**3 - 2*a**2 + a + a**2 - 3*a**2. Let x be w(3). Let r be ((-19)/5)/(x/15). What is the greatest common factor of r and 190?
19
Suppose 0 = -51*h + 21*h + 4500. What is the highest common divisor of 30 and h?
30
Suppose 2*p - p - 159 = 0. Suppose -11*o + 14*o = p. What is the greatest common divisor of 159 and o?
53
Let p(m) = 63*m - 237. Let y be p(4). What is the highest common divisor of 315 and y?
15
Suppose 4*o - 4*u + 51 - 43 = 0, -5*o + 3*u = 2. What is the greatest common divisor of 122 and o?
2
Let h = 2110 - 2089. Calculate the greatest common factor of h and 3.
3
Suppose 3*l + 15 = 3*r, 1 = 3*l + r - 4. Let x be (l - 2)/((-10)/280). Calculate the greatest common divisor of 140 and x.
28
Suppose o - 1872 = 5*y + 314, 0 = 2*o + 4*y - 4414. Calculate the highest common factor of 71 and o.
71
Suppose -3*a - 8 = -5*a, -4 = b - 4*a. What is the highest common fact